 = -m(x) + 6*n(x). List the prime factors of f(24).
109
Let i(w) = 129*w + 150. List the prime factors of i(6).
2, 3, 7, 11
Let g be 584*((15/2)/(-5) + 1). Let b = g - -573. What are the prime factors of b?
281
Let n(o) = 2*o**3 + 23*o**2 + 22*o - 13. Let f be (-1)/((5/5)/10). List the prime factors of n(f).
67
Suppose 2*d = 6*d - 5*m - 3, 0 = -d - m + 3. Suppose 0 = l - d*x - 3, -4*l - 4*x = -2*x - 22. Suppose z = l*z - 144. List the prime factors of z.
2, 3
Suppose 0 = -2*o - 2*m + 14, 29*m - 34*m + 30 = 4*o. List the prime factors of o.
5
Let k(b) = -37*b - 8. Let f be k(-4). Suppose 8*r - f = 7*r. List the prime factors of r.
2, 5, 7
Let x = 67 + -61. Suppose 2*c + x = 36. List the prime factors of c.
3, 5
Let o be 2/(-7) + 6192/112. Let a = o + -18. List the prime factors of a.
37
Let o = 157 + -139. Suppose 0 = -5*z + o*z - 3380. List the prime factors of z.
2, 5, 13
Let d(u) = -u + 9. Let l be -3 - 5/((-20)/32). Let p be d(l). Suppose 5*a - 95 = -p*o, -5*o - 5*a + 28 + 87 = 0. What are the prime factors of o?
2, 5
Let a = -42 - -32. List the prime factors of (a/(-8))/(1/32).
2, 5
Let r = -266 + 656. What are the prime factors of r?
2, 3, 5, 13
Let q(u) = 17*u**3 - 2*u**2 - 18*u + 67. What are the prime factors of q(4)?
1051
Let y(q) = -716*q + 8. What are the prime factors of y(-1)?
2, 181
Let n = 88 + 82. Let q = 252 + -247. Suppose -4*b = v - 49, n = q*v + 5*b - 0*b. List the prime factors of v.
29
Let r(b) = -b**2 + 24*b - 21. Let x be r(23). Suppose -7*c + x*c - 1515 = -5*d, 0 = 4*c. What are the prime factors of d?
3, 101
Let m(v) = 12*v**2 - 10*v + 5. List the prime factors of m(7).
523
Let z be 2 + (-4 - (2 + -4)). Suppose 4*l + 3 - 23 = z. Suppose -59 = -l*k - 9. What are the prime factors of k?
2, 5
List the prime factors of -39*(112/21)/(-8).
2, 13
Suppose 0 = -s - 2*m + 12, -s - 15 = -5*m + 1. Suppose 30 = v - 3*w, s*v - 2*w = -v + 137. What are the prime factors of v?
3
Let a(r) = -r + 6. Let d be a(3). Let p(s) = s**2 - 2*s - 2. Let k be p(d). List the prime factors of (-28)/(k - -2 - 4).
2, 7
Let w(v) = 7 - 5 - 1 + 1 - 2*v. Let z be w(0). Suppose -3*o = -5*a + 13, z*o + 0*o = a + 3. What are the prime factors of a?
5
Suppose -4*z + v - 21 = -z, -z = 4*v - 6. List the prime factors of (-35)/(-1) - (z + 4).
37
Suppose 0 = -14*o + 13*o - 3. What are the prime factors of ((-8)/o)/((-16)/(-744))?
2, 31
Suppose -317*d + 307*d + 27100 = 0. What are the prime factors of d?
2, 5, 271
Let m(g) be the second derivative of -g**4/12 - 23*g**3/6 - 13*g**2/2 - 6*g. What are the prime factors of m(-19)?
3, 7
Let y(c) = 9 + 4*c + 7 - 2. Let d(m) = -3*m - 13. Let o(x) = -3*d(x) - 2*y(x). List the prime factors of o(-9).
2
Let y(o) = -o**2. Suppose 0 = 6*u - u. Let j be y(u). Suppose 5*x + 4 + 3 = -f, j = -5*f + 2*x + 19. What are the prime factors of f?
3
Let t = -1056 - -2167. List the prime factors of t.
11, 101
Let d(o) = 3*o - 2. Let a = -20 + 21. Let n be d(a). What are the prime factors of n + (-4)/1 - -52?
7
Let c(f) = f**3 + 9*f**2 - 2*f + 8. Let u(h) = h - 2. Let o be u(6). Suppose 0 = g + 2*z + 1, 32 = -o*g - 0*z - z. List the prime factors of c(g).
2, 13
Let l(w) = -18*w**3 - w**2 + w + 1. Let q be l(-1). Let o = q + -13. Let c(p) = -p**3 + 5*p**2 - 3. List the prime factors of c(o).
13
Let w(m) = -15*m + 1. Let f be w(-4). Suppose -n + f = -q, 5*q = q - 4. Let s = -41 + n. What are the prime factors of s?
19
Suppose 12*h - 25 = 11*h. Suppose 0*f = 3*o - 4*f - 70, o - f - h = 0. What are the prime factors of o?
2, 3, 5
Let k(x) = 2*x**2 - 12*x - 65. What are the prime factors of k(-12)?
367
Suppose 5*x + 4*o = 415, -3*o - 332 = -4*x + 2*o. Suppose -x + 1062 = 11*b. List the prime factors of b.
89
Let h(w) = w**2 + 0*w + 4*w**2 + 8*w**2 - 5*w. What are the prime factors of h(-2)?
2, 31
Suppose 44 = l - 17. Suppose -f - l = -193. Suppose -5*z = -48 - f. What are the prime factors of z?
2, 3
Suppose -c + g = -309, 5*g = 5*c + 3*g - 1533. List the prime factors of c.
5, 61
Let u = -6 - -11. Suppose -4 = -5*q + h, 6*h + 16 = u*q + 2*h. Suppose q = -5*s + s + 88. What are the prime factors of s?
2, 11
Let s(i) = 5*i - 6. Let m be s(2). Suppose m*o = -5*p + 172, 8*o - 3*o - 232 = -2*p. What are the prime factors of o?
2, 3
Suppose 2*m - 8092 = -2*m. List the prime factors of m.
7, 17
Suppose -2*u = 31*u - 2574. List the prime factors of u.
2, 3, 13
Suppose -5*w = -438 - 587. Suppose l = -21 + w. What are the prime factors of l?
2, 23
Suppose 2*x + 10 - 46 = 0. Let b be (-2)/(((-20)/x)/5). Let f = b + -3. List the prime factors of f.
2, 3
Suppose -15*m + 22*m = 2667. What are the prime factors of m?
3, 127
Suppose 72*x = 50*x + 25476. What are the prime factors of x?
2, 3, 193
Suppose -3*u - u - 4 = 0, -5*d + 660 = -5*u. Let c = d - 65. What are the prime factors of c?
2, 3, 11
Let q = 849 + -62. Suppose 4*z = 3*b - 762, -3*b + q = -2*z + 31. What are the prime factors of b?
2, 5
Let a = 19 - 3. Suppose a*w = 11*w + 40. Suppose -w = 2*o - 12. List the prime factors of o.
2
Let g be -12 + 12 + 2*10/(-4). List the prime factors of (-5027)/(-33) + (-2 - g/3).
2, 19
What are the prime factors of (-1)/4 + (-9750)/(-120)?
3
Let x = -1008 - -1348. List the prime factors of x.
2, 5, 17
Let o(u) = 5*u**3 - 2*u**2 - 2*u + 3. Let a be o(3). Let v = 153 + a. List the prime factors of v.
3, 89
List the prime factors of 3/(-5) - (-1212)/20.
2, 3, 5
Let l(a) = -131*a + 372. List the prime factors of l(-37).
17, 307
Suppose 3*x = -4*x - 7. Let c(o) = 22*o**2 + o. What are the prime factors of c(x)?
3, 7
Let l(b) = b**3 - 3*b**2 + 6. List the prime factors of l(7).
2, 101
What are the prime factors of (678/9)/((-16)/(-168))?
7, 113
Suppose -5*w + 12 - 2 = 0. Suppose w*f + 3*f = 125. Suppose 0 = f*c - 22*c - 45. What are the prime factors of c?
3, 5
Let n(j) = -j**3 - 9*j**2 - 2*j - 16. Let c be n(-9). What are the prime factors of c/(10/(-15)) - -120?
3, 13
Let q = -828 + 1285. What are the prime factors of q?
457
Let b = 60 - 172. What are the prime factors of -21*(b/6)/7?
2, 7
Suppose -5*p - 159 = -2*f + 651, -2*p = -5*f + 2025. List the prime factors of f.
3, 5
Let n be 2/(2/19)*-1. Let w = n - -39. List the prime factors of -2 + w + 0 + -4.
2, 7
Let x = 71 - 32. Suppose x + 22 = 2*u + p, -p = 5*u - 154. What are the prime factors of u?
31
Let w = -433 - -673. What are the prime factors of w?
2, 3, 5
Let t = 4 - 2. Suppose t*o = 19 - 3. List the prime factors of 70/6 + o/(-12).
11
Let k(r) = -3*r + 1 - 43*r - 42*r - 66*r. List the prime factors of k(-1).
5, 31
Suppose 3*a - 3*g + 15 = -9, -3*g = a - 12. Let k = a - -112. List the prime factors of k.
109
Suppose 0 = 4*s + 18 - 34. Suppose -2*w + 526 = -g, -2*w = -w + s*g - 263. List the prime factors of w.
263
Let p(b) = -3*b + 5. Let r be p(-7). Suppose 5*c - r + 626 = 0. Let u = -77 - c. What are the prime factors of u?
43
Let s(t) be the second derivative of -8*t**3/3 - 17*t**2/2 + t - 20. Suppose 5*i + 1 + 24 = 0. What are the prime factors of s(i)?
3, 7
Let q(k) = -k - 1. Let n be q(-2). Let o = n + 11. What are the prime factors of 100/(-6)*o/(-10)?
2, 5
Let z = -1058 + 1796. List the prime factors of z.
2, 3, 41
Let h(u) = u**3 + 5*u**2 - u - 1. Let d be h(-4). Suppose j + j - 4*k = 36, -2*j + 26 = k. Suppose 135 = -j*z + d*z. List the prime factors of z.
3
Let s(l) = l**2 + 4*l + 2. Let m be s(-5). Suppose -1 = 2*x - m. Suppose x*u + y - 9 = 21, 0 = 4*u - 3*y - 40. What are the prime factors of u?
2, 5
Let z(p) = p**3 + 7*p**2 - 3*p + 1. Let i(k) = k - 3. Let q be i(-3). Let w be z(q). Suppose -26 = -r + 2*c, -5*r - 2*c = -15 - w. List the prime factors of r.
2
Suppose 12 = -21*v + 27*v. Suppose 101 = g + 4*r, 7*g + 3*r = v*g + 590. What are the prime factors of g?
11
Let g(v) = 25*v**2 + v + 1. Let l = 21 + -22. List the prime factors of g(l).
5
Suppose 4*i + j = 7600, -101*i - j = -99*i - 3802. List the prime factors of i.
3, 211
Let j(f) = -23*f**2 - 6*f - 2. Let s be j(-4). Let b be s/18 + (-4)/(-18). Let a = -3 - b. What are the prime factors of a?
2
Let q(v) = 8*v**3 - 3*v**2 - v + 32. List the prime factors of q(5).
2, 7, 17
Let w(v) = v + 8. Let n be w(-4). Let s(c) = -c**2 + 22*c + 4. Let r be s(10). Suppose n*t = 20 + r. What are the prime factors of t?
2, 3
Let s(f) = 3*f + f - 